y**2 + 1. Determine l(-6).
1
Let n(s) = -s**3 + 9*s**2 - s - 5. Determine n(9).
-14
Let q(j) = j**3 + 37*j**2 + 7. Determine q(-37).
7
Let i(r) = 3*r**2 - 12*r + 2. Give i(5).
17
Let g(f) = -f**3 - 14*f**2 + 2*f + 19. What is g(-14)?
-9
Let o(i) = -i**2 - 9*i + 15. What is o(-11)?
-7
Let o(l) = -3*l - 36. Calculate o(-12).
0
Let f(z) = -2*z. Calculate f(-6).
12
Let n(l) = l + 20. Calculate n(-17).
3
Let m(k) = 6*k - 7. What is m(4)?
17
Let u(c) = c**3 + 5*c**2 - 5*c + 4. Determine u(-5).
29
Let u(f) = -f**3 - 24*f**2 - 25*f - 30. What is u(-23)?
16
Let h(n) = 64*n**3 + n**2 + 1. Determine h(-1).
-62
Let s(h) = -34*h - 65. Give s(-2).
3
Let r(k) = -k**2 + 34*k - 87. Calculate r(30).
33
Let f(o) = 19*o**2 - 2*o + 1. Give f(1).
18
Let c(d) = 6*d + 2. Determine c(-12).
-70
Let v(b) = -39*b**2 + b - 2. What is v(1)?
-40
Let a(k) = -k**3 - 6*k**2 + 7*k. What is a(-7)?
0
Let o(v) = -v**3 - 6*v**2 - 5*v + 4. Determine o(-4).
-8
Let x(n) = 4*n - 41. Determine x(6).
-17
Let j(t) = -t**3 + 5*t**2 - 4*t - 6. Determine j(7).
-132
Let t(b) = -3*b + 23. What is t(8)?
-1
Let q(h) = -h**3 + 8*h**2 + 24*h - 18. What is q(10)?
22
Let i(u) = -u**3 - 4*u**2 + 3*u - 8. Give i(-5).
2
Let r(u) = 2*u**3 + 4*u - 7. Give r(-3).
-73
Let g(f) = -4*f**2 + 2*f + 2. Give g(-1).
-4
Let b(v) = -5*v - 93. Determine b(-18).
-3
Let l(u) = -u**3 - 4*u**2 + u + 5. Determine l(-3).
-7
Let r(q) = -123*q - 5. Determine r(-1).
118
Let i(w) = -w**3 - 6*w**2 + 9*w + 7. What is i(-7)?
-7
Let z(u) = -115*u**2 - 7*u + 6. Calculate z(1).
-116
Let a(s) = 8*s + 3. Calculate a(-1).
-5
Let r(b) = -b + 4. Give r(9).
-5
Let q(i) = -3*i + 5. What is q(-6)?
23
Let t(i) = -i**2 - 9*i + 24. What is t(-10)?
14
Let j(t) = 16*t**3 - t. Give j(-1).
-15
Let g(m) = 8*m + 281. Give g(-38).
-23
Let w(j) = -j**3 - 39*j**2 + 83*j + 39. Calculate w(-41).
-2
Let t(j) = -j**2 - 27*j - 3. Calculate t(-27).
-3
Let w(z) = -z**3 - z + 3. Give w(0).
3
Let g(h) = -h**2 - 8*h + 80. What is g(-14)?
-4
Let h(f) = -f**3 - 20*f**2 - 18*f + 26. Calculate h(-19).
7
Let m(l) = 13*l + 3. Give m(1).
16
Let o(y) = -y + 16. Give o(20).
-4
Let i(b) = 5*b**3 + b**2 - 2*b + 1. Give i(-2).
-31
Let f(o) = 18*o - 1. Give f(1).
17
Let i(q) = q**2 + 5*q - 5. What is i(-4)?
-9
Let o(g) = -3*g + 37. Calculate o(15).
-8
Let z(q) = -2*q - 14. Determine z(-6).
-2
Let t(k) = 2*k**3 - k. Determine t(2).
14
Let j(y) = -y**3 - 7*y**2 - 3*y - 12. Calculate j(-7).
9
Let t(m) = 176*m - 353. What is t(2)?
-1
Let q(m) = -m**2 - 10*m - 23. Determine q(-5).
2
Let g(l) = l**3 - 4*l**2 + 3*l - 33. What is g(5)?
7
Let j(b) = -b**2 + 9*b - 22. Determine j(5).
-2
Let v(y) = -y**2 - 5*y + 5. Calculate v(-5).
5
Let q(t) = -4*t + 3. Determine q(2).
-5
Let p(c) = c**3 - 18*c**2 - 24*c + 104. Determine p(19).
9
Let c(h) = -h**3 - 11*h**2 + 2*h - 7. Calculate c(-12).
113
Let m(p) = -2*p - 19. Determine m(-6).
-7
Let v(d) = d**3 + 8*d**2 + 7*d + 9. What is v(-7)?
9
Let j(u) = u**3 - 26*u**2 - 24*u - 76. Determine j(27).
5
Let n(p) = -p**2 + 7*p + 4. Give n(7).
4
Let x(k) = 15*k + 7. What is x(1)?
22
Let u(i) = -i**2 - 11*i - 11. What is u(-8)?
13
Let v(g) = g**3 + 11*g**2 + 9*g + 3. Calculate v(-10).
13
Let j(c) = 15*c + 284. Determine j(-19).
-1
Let q(l) = 6*l**2 - 61*l + 10. Determine q(10).
0
Let r(n) = -n**2 + 47*n + 258. Give r(-5).
-2
Let v(c) = -4*c**3 - 9*c**2 - 2*c + 4. Give v(0).
4
Let k(u) = -u**3 - 5*u**2 - 2*u. Give k(-5).
10
Let c(w) = w**3 - w**2 - 2*w - 4. Calculate c(3).
8
Let k(q) = 3*q**2 - 2*q - 1. Give k(2).
7
Let l(i) = -8*i - 5. Calculate l(6).
-53
Let g(m) = 3*m + 1. What is g(-6)?
-17
Let i(d) = -d**3 + 4*d**2 + 8*d - 6. Calculate i(5).
9
Let p(x) = -x**2 + 310*x + 1578. Calculate p(-5).
3
Let b(t) = 119*t - 586. Determine b(5).
9
Let d(y) = -y**3 + y**2 - y + 1. Determine d(1).
0
Let g(m) = m**3 - 15*m**2 + 13*m - 25. What is g(14)?
-39
Let p(r) = 4*r + 45. What is p(-12)?
-3
Let i(f) = -2*f - 4. Determine i(-6).
8
Let k(c) = -19*c**3 - 2*c**2 + c. Determine k(2).
-158
Let k(u) = u - 3. Determine k(2).
-1
Let h(r) = r**2 + 5*r. Determine h(-7).
14
Let w(a) = -a**2 - 5*a + 20. Give w(-7).
6
Let g(f) = 2*f**2 - 100*f + 1175. Give g(19).
-3
Let j(r) = r**3 - 26*r**2 + 24*r + 31. Calculate j(25).
6
Let k(s) = -s**2 + 17*s - 13. Determine k(16).
3
Let a(g) = 15*g**2 + 1290*g - 4. Give a(-86).
-4
Let u(i) = i**2 - 26*i + 30. What is u(25)?
5
Let f(l) = l**3 + 7*l**2 - 23*l - 12. Determine f(-9).
33
Let i(v) = v**2 + 17*v + 2. What is i(-17)?
2
Let y(z) = -3*z**2 + z - 3. Give y(0).
-3
Let u(l) = -13*l + 16. Calculate u(5).
-49
Let g(p) = p**3 + 24*p**2 + 24*p + 20. What is g(-23)?
-3
Let j(b) = b**3 + 2*b**2 - 7*b - 3. Determine j(-6).
-105
Let n(l) = -l**3 - 6*l**2 - 10*l - 6. Calculate n(-4).
2
Let m(g) = -g + 19. Give m(-3).
22
Let o(s) = 4*s**2 + 41*s + 17. Give o(-9).
-28
Let v(j) = j**2 - 14*j + 41. What is v(11)?
8
Let u(h) = -h**2 + 13*h + 7. Determine u(13).
7
Let i(u) = -u**2 + 9*u - 10. Calculate i(2).
4
Let x(j) = j**2 - 15*j - 26. Calculate x(19).
50
Let v(p) = 2*p**2 - 3. Calculate v(4).
29
Let m(n) = -n**2 - 3*n + 2. Calculate m(2).
-8
Let q(h) = h**3 + 2*h**2 - 7. Determine q(-2).
-7
Let v(r) = -r**2 + 8*r + 68. Calculate v(13).
3
Let r(i) = -i**3 - 8*i**2 + 9*i - 1. What is r(-9)?
-1
Let o(f) = f + 13. Calculate o(-18).
-5
Let x(l) = l**3 - 30*l**2 + l - 39. Calculate x(30).
-9
Let z(y) = y**3 - 17*y**2 + 31*y - 31. Calculate z(15).
-16
Let h(i) = -7*i + 40. What is h(5)?
5
Let k(d) = d**3 + 8*d**2 + 4*d - 11. Give k(-8).
-43
Let i(s) = s**3 + 8*s**2 + 10*s + 22. What is i(-7)?
1
Let y(i) = i**2 + 16*i + 19. What is y(-16)?
19
Let n(k) = -10*k - 159. Give n(-15).
-9
Let i(p) = 3*p**3 + p**2 + p + 1. What is i(-1)?
-2
Let v(j) = -j**3 + 6*j**2 + 13*j + 17. Calculate v(8).
-7
Let h(k) = -k**3 - 7*k**2 + 2*k + 6. What is h(-7)?
-8
Let k(d) = 2*d**3 + 19*d**2 - 32*d + 4. Determine k(-11).
-7
Let v(f) = f + 19. Determine v(-8).
11
Let c(t) = -5*t + 20. Calculate c(14).
-50
Let o(p) = -p**3 - 5*p**2 + p + 6. Give o(-5).
1
Let m(a) = -a**3 - 14*a**2 + 13*a - 16. Determine m(-15).
14
Let v(g) = g**3 + 20*g**2 + 70*g - 73. Determine v(-15).
2
Let g(h) = -h**3 - 25*h**2 + 54*h + 13. Calculate g(-27).
13
Let p(q) = 25*q**2 - 4*q - 5. Determine p(-1).
24
Let g(r) = r**3 + 4*r**2 - 12*r - 4. Determine g(-6).
-4
Let l(n) = -n + 5. What is l(3)?
2
Let v(w) = -3*w + 117. What is v(42)?
-9
Let f(b) = -8*b + 116. Give f(13).
12
Let p(w) = 3*w + 38. What is p(-10)?
8
Let r(z) = -z**2 + 6*z - 2. What is r(4)?
6
Let l(v) = 5*v + 9. Calculate l(0).
9
Let v(p) = -3*p - 89. Calculate v(-34).
13
Let c(b) = b**2 + 12*b + 35. Give c(-7).
0
Let h(k) = -k**2 + 14*k + 13. Determine h(14).
13
Let p(d) = 2*d**2 - 19*d - 23. Determine p(11).
10
Let t(d) = 12*d + 3. Calculate t(-1).
-9
Let l(n) = n**3 - 6*n**2 - n + 17. Give l(8).
137
Let q(x) = -168*x - 1348. What is q(-8)?
-4
Let n(m) = -m**3 + 9*m**2 - 8*m + 1. Determine n(8).
1
Let y(f) = f**3 + 18*f**2 + 17*f - 18. Determine y(-17).
-18
Let l(a) = 2*a**3 - 3*a**2 + 6*a - 9. Give l(2).
7
Let j(i) = i**3 + 8*i**2 - 6*i - 9. What is j(-8)?
39
Let y(n) = -n**3 + 9*n**2 + 9*n + 7. What is y(10)?
-3
Let y(j) = 7*j - 4. Calculate y(-4).
-32
Let m(t) = 2*t**3 + 4*t**2 - t - 4. Give m(-3).
-19
Let w(a) = -4*a + 13. Calculate w(-11).
57
Let g(v) = v**3 + 2*v**2 - 17*v + 2. Determine g(-5).
12
Let n(l) = l**3 + 14*l**2 + 28*l + 43. What is n(-12)?
-5
Let x(y) = y**3 - 7*y**2 - 16*y - 26. What is x(9)?
-8
Let k(r) = -r**3 + 10*r**2 + 10*r + 12. What is k(11)?
1
Let s(k) = -23*k + 340. What is s(14)?
18
Let s(u) = -u**2 + 15*u. Determine s(17).
-34
Let t(j) = j**3 - 4*j**2 - 4*j - 5. Calculate t(4).
-21
Let v(t) = 25*t + 39. Determine v(-2).
-11
Let h(z) = -2*z**2 + 17*z + 33. Calculate h(10).
3
Let c(j) = -j**2 + 16*j - 62. Give c(8).
2
Let a(p) = -p**2 + 25*p + 68. Determine a(28).
-16
Let k(r) = -2*r**2 + 47. Determine k(6).
-25
Let h(i) = 9*i + 62. What is h(-7)?
-1
Let q(h) = 7*h**3 + h**2 - 5*h - 5. Determine q(-1).
-6
Let o(a) = -14*a + 23. What is o(2)?
-5
Let p(d) = -d**2 - 7*d + 69. What is p(-13)?
-9
Let h(l) = l**2 - 15*l - 7. Determine h(7).
-63
Let r(g) = g**2 - 19*g + 36. What is r(16)?
-12
Let v(n) = n - 13. Calculate v(3).
-10
Let p(x) = x**2 + 7*x + 21. Determine p(-7).
21
Let g(i) = i + 5. What is 